5*q + c = 3*w. What is the units digit of w?
4
Suppose 4*d = 3*b - 176, -3*d = -3*b + 229 - 49. What is the units digit of b?
4
Let n = -144 + 91. Let c = n - -5. What is the tens digit of (-8 - -2)*c/9?
3
Let g(q) = q - 8. Let c be g(12). Let o be 1/(-1*c/(-436)). Let s = o + -78. What is the units digit of s?
1
Suppose 4*w + 1 = -7. What is the tens digit of 69/12*(w - -18)?
9
Suppose 6*f - 45 = 51. Suppose f*m = 11*m + 805. What is the hundreds digit of m?
1
Let s = -101 - -93. Suppose -3*c - b - 2*b = -24, -3*c = -4*b - 3. What is the units digit of c/20 - 150/s?
9
Let l(x) = x + 12. Let a(r) = r - 2. Let w be a(4). Suppose 2*p + 48 = -w*p + g, -2*g = 5*p + 47. What is the units digit of l(p)?
1
Let d(h) = 27*h - 9. What is the hundreds digit of d(7)?
1
Let q be (-8)/((-48)/18)*-1. What is the units digit of 6/(-4)*(6 - -336)/q?
1
Let j(v) = -v**3 + 5*v**2 - 5*v + 17. Let x be j(5). Let z = 182 + x. What is the units digit of z?
4
Suppose 82278 = -14*n + 56*n. What is the thousands digit of n?
1
What is the tens digit of -1626*((-3)/9)/((-3)/(-6))?
8
Suppose 5*k - 461 = -2*i, 0*i = -4*i - 5*k + 947. Suppose i = -3*n + 6*n. What is the units digit of n?
1
Suppose -8*d - 30 = -3*d. Let t = d - -72. What is the units digit of t?
6
Let y = 3297 - 2016. What is the units digit of y?
1
Suppose 3*q + 4 = -k, 4*k + 22 - 6 = -4*q. Suppose 3*z - 55 - 65 = q. What is the units digit of z?
0
Let n(p) = 57*p - 199. What is the tens digit of n(10)?
7
Suppose 0 = -5*n - 15, -c - 312 = 2*c - 4*n. What is the hundreds digit of ((-405)/c)/(((-1)/36)/(-1))?
1
Let p(c) = -2*c**2 + 15*c - 7*c**2 - 5 + 8*c**2 - c**3. What is the hundreds digit of p(-8)?
3
Let x be 1199/(-22) + (-6)/(-4). What is the units digit of x/(-6) + (-3)/(-18)?
9
Let y = -929 - -1482. What is the hundreds digit of y?
5
Suppose 2*r + s - 2025 = 0, -11*r + 6*r + 5064 = 2*s. What is the units digit of r?
4
Let m(r) = -8*r**3 - 5*r**2 + 4*r + 5. What is the hundreds digit of m(-4)?
4
Suppose -31*q = -28*q - 240. Let c = 196 - q. What is the units digit of (c/(-14))/(16/(-112))?
8
Let v = -65 + 23. Let m = -31 - v. What is the tens digit of m?
1
Suppose 0 = 3*c + 32*g - 27*g - 2404, 788 = c - g. What is the tens digit of c?
9
Let p(g) = -4*g**2 + 156*g + 10. What is the units digit of p(23)?
2
Suppose -970 + 3330 = 10*y. What is the hundreds digit of y?
2
Let r = -37 + 164. Let h = 68 + r. What is the tens digit of h?
9
Let v(n) = -13*n**2 - 2*n. Let s be v(-1). Let y be 31/s - 16/88. What is the tens digit of (3/y)/(7/(-175))?
2
Let u be 6*(-7)/(-42) + (-2)/1. What is the units digit of (4 + u - -98) + 0/1?
1
Suppose 0*s + 6*s - 2520 = 0. Suppose 2*b + 4*b = s. What is the tens digit of b?
7
Let j(u) = -u**3 + 8*u**2 - u + 8. Let s be j(8). Suppose l - 6 + 1 = s. Suppose -b = -l - 47. What is the tens digit of b?
5
Let z(a) = -a**3 - 12*a**2 + 12*a - 14. Let c be z(-13). What is the tens digit of 2 - ((-200)/5 - c)?
4
Suppose 2*p - 435 = -5*y, -18 = p - 5*y - 198. What is the hundreds digit of p?
2
Suppose -j + 96 = -3*u - 4*j, 0 = -2*u - 4*j - 60. Let x = 16 - u. What is the tens digit of x?
5
Let r(q) = -q**3 - 5*q**2 + 12*q - 16. Let w be r(-7). Let y(f) = 14*f**2 + 2*f. What is the tens digit of y(w)?
5
Let v(a) = -a**2 + 12*a - 8. Let p be v(11). Suppose -p*z = 2*h + 2*h, 4*z - 19 = h. What is the units digit of 149/z + 30/40?
8
Suppose 0 = u + v + 7, 3*u + v = 4*v - 9. Let p be 79/u + 16/(-80). Let b = 25 - p. What is the tens digit of b?
4
Suppose 55*g - 25300 = 10560. What is the units digit of g?
2
Let v(z) = -z**2 - 8*z - 3. Let l be v(-9). Let c be (-2)/3 + (-8)/l. Suppose -y + 2*y - 24 = c. What is the tens digit of y?
2
Suppose 626 = 25*o + 76. What is the tens digit of o?
2
Let o = -78 - -302. Suppose 8*w - 10*w + o = 0. Suppose 7*a - 3*a = w. What is the tens digit of a?
2
Let d(w) = -2*w**3 - 2*w**2 + w - 2. Let f be d(2). Let i be (286/(-55))/(4/10). Let t = i - f. What is the tens digit of t?
1
Let c(u) = 0*u**2 + 19*u + 16 + 5*u**2 - 4*u**2 - 6*u. What is the units digit of c(-12)?
4
Let m(b) = 7*b**2 - 5*b + 2. Let d(t) = -3*t**2 + 3*t - 1. Let z(y) = -5*d(y) - 2*m(y). What is the units digit of z(-4)?
7
Let y(u) be the third derivative of 1/30*u**5 + 0 + 0*u - 3/8*u**4 + 4/3*u**3 + 5*u**2. What is the tens digit of y(6)?
2
Suppose 2*r - 356 = 6*r. Let o = 134 + r. Suppose -4*c - o = -7*c. What is the tens digit of c?
1
Suppose -n = n - 318. Suppose -7*m = -107 - n. What is the tens digit of m?
3
Suppose -5*x = 5*z - 9*x - 76, z = -2*x + 4. Let y(p) = -9*p - 9 + 1 - p**2 + 2*p**2. What is the tens digit of y(z)?
2
Suppose 35 - 84 = -g. Suppose 53*x = g*x + 344. What is the tens digit of x?
8
Suppose -4*n = 3*y, n = -3*n - 2*y. Suppose 36 = -n*t + 2*t + 4*s, -t = -s - 24. What is the tens digit of t?
2
Let p = 3280 + -1781. What is the tens digit of p?
9
Suppose 8673 - 2027 = 2*c. What is the hundreds digit of c?
3
Let u be 1 + 0 + (-3722)/(-2). Suppose u = 11*o - 4*o. What is the tens digit of o?
6
Let q(p) be the first derivative of -p**2 + 10*p + 1. Suppose 5*i - 10 = 2*l, 6*i = -3*l + i + 10. What is the tens digit of q(l)?
1
Let i(k) = 1. Let v(x) = 8*x + 38. Let h(r) = 5*i(r) - v(r). What is the hundreds digit of h(-19)?
1
Let a = 14 + -9. Suppose a*h - h - 5 = 3*c, c = 5*h - 9. Suppose h*w - 45 = -13. What is the tens digit of w?
1
Let g be (-38)/(-8) - (-1)/4. Let s(u) = -u + 8. Let f be s(g). Suppose -64 = -h - f*h. What is the units digit of h?
6
Let a = 1458 - -269. Suppose -26*q + 37*q - a = 0. What is the tens digit of q?
5
Suppose 98 = 5*w - 117. Let y = 128 - w. What is the units digit of y?
5
Let q = -85 - -121. Let n = q + 21. What is the units digit of n?
7
Let r(y) = -y - 10. Let q be r(-15). Suppose 3*z + 41 = q*d - 55, 0 = -5*d + z + 92. What is the tens digit of d?
1
Let t(r) = r**2 + 3*r - 5. Let j be t(-5). Suppose -j*q + 48 = -q. What is the tens digit of 30/q*(-78)/(-15)?
1
Suppose 7*i + 16 - 44 = 0. Suppose c - i*x - 136 = 0, -3*x + 20 = x. What is the units digit of c?
6
Suppose 12*m - 2864 = -212. What is the tens digit of m?
2
Let x(s) = -13 - 18 + s**3 + 41 + 22*s - 10*s**2 - 11. What is the units digit of x(9)?
6
Suppose -5 = -6*c + 31. Suppose c*w - 3*w = 99. What is the tens digit of w?
3
Let d = -47 - -73. Let o = -22 + d. What is the units digit of o?
4
Let c = -8355 - -12146. What is the tens digit of c?
9
Suppose 26 = 8*l - 30. Suppose 16*a - 1755 = l*a. What is the units digit of a?
5
What is the units digit of -3 + 5 - (13055/(-5) - -2)?
1
Let x(o) = -o**3 + 9*o**2 + 6*o + 38. Let d be x(14). Let y = -553 - d. What is the units digit of y?
5
Suppose 1111 = 8*s + 223. What is the tens digit of s?
1
Let n = 18 + -8. What is the tens digit of n/(-50) + 1582/10?
5
Let m(q) = -q**2 + 5*q + 4. Let f be m(6). Let v = 9 + f. Suppose -2*g = -3*g + v. What is the units digit of g?
7
Suppose -4*w = -3*f - 20, -4*w - 3*f + 20 = -0*f. What is the units digit of (-18)/(-90) + 9/w?
2
Let l be (-134*(-2)/(-4))/1. Let a = -11 - l. What is the tens digit of a?
5
Suppose 5*s - 16 = 14. Let o = 10 - s. Suppose o*f - 90 = 14. What is the units digit of f?
6
Let o = 610 + -149. What is the units digit of o?
1
Suppose 124 = -5*y + 9*y. Suppose 0 = 5*m + 2*o + 2*o + y, 5*m = o - 11. Let q = m + 34. What is the tens digit of q?
3
Suppose w = -2*p - 4 + 30, 4*p = 4*w - 164. What is the units digit of w?
6
Let g = -3011 + 5304. What is the hundreds digit of g?
2
What is the tens digit of -259*3/6*-2?
5
Let c(u) = 11*u**2 + 5*u + 4. What is the units digit of c(5)?
4
Let o be 4/8*4*2. Suppose 0 = o*r - 749 - 55. Let n = r + -136. What is the units digit of n?
5
Let y = -23 - -25. Suppose 0 = s + y*s - 15. Suppose o - 43 = s. What is the units digit of o?
8
What is the units digit of 2 - -42*(3 - -3)?
4
Let n = 180 - 74. Let o(h) = -5*h + 62. Let m be o(12). Suppose 30 = -m*y + n. What is the units digit of y?
8
Suppose -x + 1660 = 4*i + x, 2*i + 2*x = 830. What is the units digit of i?
5
What is the tens digit of 56/168 + (-3664)/(-6)?
1
Let a be (-9219)/(-9) + ((-12)/9 - -2). Suppose a = 5*c + 5*f, 4*c - 7*c + 621 = -3*f. What is the units digit of c?
6
Let u(r) = 12*r**2 + r - 1. Let i be u(-2). Let f = i - 22. What is the units digit of 0 + -2 + 5 + f?
